) a composite number?
False
Let j = -127 - -15. Let s = -33 - j. Is s a prime number?
True
Suppose -j - 4 = -5*h, 11 = h - 5*j - 9. Suppose h = -4*i + x + 145, 2*i - 75 = 2*x - x. Is i a composite number?
True
Let c(y) = 211*y**3 + 4*y - 3. Is c(2) composite?
False
Let r(p) = p**3 - 6*p**2 + 2*p - 7. Let b be r(6). Suppose 5*v - b*q = 715, -7 - 1 = -4*q. Is v a prime number?
False
Is 44 + 1 - (6 + -4) prime?
True
Suppose -j + 2 = 0, 10*p - 7 = 5*p + 4*j. Suppose -3*h + 5*h = -p*t + 48, -4*h + 3*t = -78. Is h a composite number?
True
Suppose 0 = -s - 1 + 10. Suppose -4*q + s + 54 = -3*t, 3*t = -3*q + 42. Suppose 0 = -a - u - 3*u + q, -5*a + 4*u + 3 = 0. Is a prime?
True
Let r = 339 - 140. Is r composite?
False
Let h(s) = -2*s + 2. Let w be h(1). Suppose 4*m - 3*d - 156 = w, 2*m = -2*d + 91 - 13. Is m prime?
False
Suppose 5*t - 41 = 5*k + 29, 31 = -2*k + 5*t. Let i = -48 - k. Let c = 0 - i. Is c a composite number?
True
Suppose -2*t + 5*t + 2*j - 18 = 0, -3*t - 3 = -5*j. Suppose -t*i + 341 = -23. Is i prime?
False
Let c = 67 + -47. Let k = 1 + c. Is k a prime number?
False
Let t = -2 - -4. Is t/(-9) + 695/9 prime?
False
Suppose 0 = 2*u + y + 13, u + 4*y = 2*y - 14. Let h be (4 + 0)*22/u. Let p = h - -60. Is p a prime number?
False
Suppose 3*b = -0*b + 6. Suppose 0 = b*r + t - 5, r - 2*r - 5*t = -7. Suppose r*n = 4*z + z - 229, -4*z + 200 = 4*n. Is z a composite number?
False
Suppose k + 2*v - 399 = -0*v, 2*k + 3*v - 794 = 0. Is k composite?
True
Let c = 5 + -3. Let a be -5 + c - 3/(-1). Suppose m + 4 - 37 = a. Is m a prime number?
False
Let o = -178 - -357. Is o a composite number?
False
Let v be (-2 - -1)/((-1)/4). Let x(g) = -g**3 - g**2. Let q(n) = 6*n**3 + 3*n**2 - 3*n + 3. Let j(d) = q(d) + 5*x(d). Is j(v) prime?
True
Is (-5 + 6)/(((-6)/(-879))/2) prime?
True
Let d(c) = -c - 145. Let t be d(0). Let i = 77 + -343. Let p = t - i. Is p a prime number?
False
Let y = -36 + -139. Let s = -122 - y. Is s a composite number?
False
Let c(q) = -q**3 - q**2 + q - 2. Is c(-3) a prime number?
True
Suppose -4*k = -2*a - 8, 2*a - 4*k + 12 = k. Suppose -a*q - h = -2*q - 62, -4*h + 17 = q. Is q a composite number?
True
Suppose i - 3 = v, 4*i = -5*v + 6 + 6. Suppose 2*w - 4*h - 26 = v, 2*w - 2*h + 5 = 7*w. Suppose r = w*r - 14. Is r a composite number?
False
Let k(c) = -214*c**3 - 2*c - 1. Let y be (-1 - 0)*(0 + 1). Let i be k(y). Let a = i + -138. Is a composite?
True
Suppose -5*y + 28 = -y. Let a(m) = -5*m**3 + 6*m**2 - 14*m + 6. Let f(p) = -14*p**3 + 19*p**2 - 41*p + 17. Let k(z) = -11*a(z) + 4*f(z). Is k(y) a prime number?
True
Let n be (-2)/4 + 13/2. Suppose 0 = -s + n*s - 275. Is s composite?
True
Suppose -3*y + 2 = -4. Let f = y - 1. Is f/(2/22*1) prime?
True
Suppose r = t - 1, -3*r = 5*t - 4 - 17. Suppose -2*g = -n - 22, 5*g = t*n + 2*n + 60. Is g prime?
False
Is ((-2)/4)/((-8)/592) a composite number?
False
Suppose -5*l + 7 = -8. Suppose -l*u - 123 = -4*f, -5*f - 4*u + 159 = -6*u. Is f a prime number?
False
Let v be (1 - (-10)/(-6))*-3. Let k(h) = 28*h**2 + 4*h - 6. Let t(d) = 27*d**2 + 3*d - 5. Let p(w) = -4*k(w) + 5*t(w). Is p(v) prime?
True
Suppose -4*s + 317 + 179 = 4*i, 0 = 5*s - i - 620. Let z = s + 31. Is z a composite number?
True
Is 1/(-2) + 1045/22 composite?
False
Let m be -2 + -2*(-2)/4. Let v(t) = -206*t + 3. Is v(m) prime?
False
Is ((-4)/(-5))/((-20)/(-8650)) a composite number?
True
Let w be 3 - (-2 - 4/(-2)). Suppose d - 90 = -4*l, 0*l + w*l = -3*d + 234. Is d prime?
False
Let g(l) = -l**2 - 16*l - 6. Suppose -10 = 2*q + 12. Is g(q) prime?
False
Suppose 2*h = 2*z + 5568, h - z + 3*z = 2787. Is h a prime number?
False
Let c(t) be the third derivative of t**8/6720 - t**7/2520 + t**6/720 + 13*t**5/60 - t**4/24 + 3*t**2. Let b(k) be the second derivative of c(k). Is b(0) prime?
False
Let f(v) = 2*v**2 - 3*v + 2. Let z = 4 - 1. Suppose z*x = 4*x - 4. Is f(x) a prime number?
False
Let p(m) be the first derivative of -9*m**2 + 5*m - 2. Is p(-5) prime?
False
Suppose -2*i + 70 = -58. Let b = i - 13. Is b a prime number?
False
Let w = -6899 - -10306. Is w a composite number?
False
Suppose 0 = -t - 47 - 21. Let n = -31 - t. Is n a composite number?
False
Let m = 305 - 102. Suppose 4*z + 0*z - 3*a = m, -3*z - 5*a + 174 = 0. Is z prime?
True
Let r = -225 - -488. Is r a prime number?
True
Let w(a) = -a**3 + 11*a**2 - 5*a - 5. Suppose 2*h + 2*h = 24. Is w(h) a prime number?
False
Is 4 - -1003 - -6*8/(-12) a composite number?
True
Let a(g) = 142*g + 45. Is a(10) prime?
False
Let s(o) = o + 7. Let k be s(0). Suppose -k*b + 2*b = 3195. Let i = b - -1012. Is i a composite number?
False
Let w(v) = v**3 - v**2 - v. Let t be w(0). Suppose t = 5*q + 13 - 78. Is q composite?
False
Is (39/(-65))/(2/(-2230)) a composite number?
True
Let b(v) = v**2 - 2*v - 1. Let f be (-2)/4*(-1 - -11). Let n be b(f). Is ((0 - -3) + n)*1 prime?
True
Let q be (-4)/(-10) - 1029/(-15). Suppose -7*w + 109 = -143. Let u = q - w. Is u composite?
True
Suppose 11*t = 8*t + 669. Is t prime?
True
Suppose 0 = 5*q + h - 208, 0*q - 2*q + h = -79. Let u = 9 + -4. Suppose -u*v = 6 - q. Is v a composite number?
False
Suppose 3*x + 992 = 4*b, 0*x - 3*b + 339 = -x. Is (x/(-2) - 1)*1 a composite number?
True
Suppose 0 = 2*x - 3*x + 178. Let g = x + -119. Is g prime?
True
Suppose 5*d + 3701 = x, 0 = -x + d + d + 3695. Is x composite?
False
Let d be 1*-4*(-2)/(-4). Let j = -1 + 3. Is (j/2)/(d/(-38)) a prime number?
True
Suppose -3 = -4*u + 3*u. Is (-3 + -3)/u + 91 composite?
False
Let k(g) = 3*g**3 + 7*g**2 - 4*g - 5. Let z be k(6). Let q = z + -571. Suppose 2*y + q = 4*b - 2*y, 0 = 2*b - 3*y - 146. Is b a prime number?
True
Let i be 1*6 + (-12)/(-4). Let a(u) = u**2 - 5*u + 11. Is a(i) a prime number?
True
Let i = 187 - 26. Is i composite?
True
Let m = 74 + -9. Is m composite?
True
Let m(i) = 23*i + 10. Let r(j) = -68*j - 29. Let w(b) = -17*m(b) - 6*r(b). Let f be w(4). Let u = f - 41. Is u a prime number?
True
Suppose 3*r + 3*q + 1471 - 334 = 0, 4*r = 5*q - 1471. Let p = 1161 + r. Is p composite?
False
Let o be -6 + 8 + 9/(-1). Let y = 11 + o. Is (26/y)/((-2)/(-4)) prime?
True
Suppose 0*o = -2*o. Suppose 0 = 5*u + s - 30, 2*u + 2*s - 4*s = o. Suppose 2*m = u*b - 99, 5*b = -m - 3*m + 117. Is b a composite number?
True
Suppose 4*z = 5*s - 720, -2*s - 3*z = 2*z - 255. Let g = 39 + s. Is g a prime number?
True
Let m(x) = 190*x**2 - 2*x + 5. Is m(-3) a composite number?
False
Let y be 1 + (1 - -1 - -1). Suppose -281 = -y*q + 23. Suppose -2*j = -0*j - q. Is j a composite number?
True
Suppose 0*t = 4*q + 3*t - 988, 5*q + 5*t - 1235 = 0. Suppose -4*i - 5*y = -7*i + 211, 3*i + 4*y - q = 0. Is i prime?
False
Suppose 0 = 3*a + 2*f - 617, -624 = -4*a + f + 184. Let h = -5 + -131. Let p = h + a. Is p composite?
False
Suppose 0 = 5*q - 3*t - 10, 4*q - 14 = -3*t - 6. Suppose -n + 0*z = q*z + 3, -5*n = -3*z - 50. Is n a prime number?
True
Let y be ((-120)/14)/((-1)/28). Suppose 0 = -2*l + 1174 - y. Is l a composite number?
False
Suppose 19 + 6 = 5*n. Suppose 4*w = 3*m - 20, n*m - 4*w + 5*w = 18. Suppose 5*u = m*o - 261 + 40, o + 4*u = 71. Is o composite?
False
Let z(a) = a**2 + 19*a - 13. Let q(j) = -9*j + 7. Let o(w) = 5*q(w) + 2*z(w). Is o(6) composite?
True
Suppose -5*r + 3*p + 4463 = 0, -2*r - 2*r + 3584 = p. Is r prime?
False
Let k = 4 + -1. Suppose l - 20 = k*w, -l + w = 3*l - 135. Is l composite?
True
Let q(z) = z**3 + 9*z**2 + 3*z - 3. Suppose -v = 5 + 1. Is q(v) a composite number?
True
Let t = -25 - -21. Is t*(0 + (-587)/4) composite?
False
Let s(j) = -7*j**2 + j - 6. Let r(g) = 15*g**2 - g + 12. Let h(d) = -4*r(d) - 9*s(d). Is h(4) a prime number?
False
Let h be -127 - ((-4 - -1) + 0). Let n = -58 - h. Suppose 2*v - 3*c - 33 = 29, 2*v - c - n = 0. Is v composite?
True
Let r(k) be the second derivative of -8*k**3/3 - 7*k**2/2 - 2*k. Is r(-6) a composite number?
False
Suppose p + 656 = 4*d - 0*p, 4*p + 16 = 0. Is d a composite number?
False
Suppose -4*y - y + 20 = 0. Suppose -p = 2*z + y, 0*z + 7 = 5*p + z. Suppose p - 10 = -2*f. Is f a composite number?
True
Let z(x) = -79*x**3 + 2*x**2 - 4*x - 2. Is z(-3) a composite number?
False
Let m(h) = 3*h + 2. Let k be m(-3). Let n = 17 + k. Suppose -v + n = -11. Is v a prime number?
False
Let t = 29 + -29. Suppose -4*p - 144 = -3*q + p, t = 2*p - 6. Is q